Suppose 5*a - 3905 = -755. Suppose 5*u - 1102 = -4*g, 0 = -3*u - 17*g + 19*g + 670. Suppose 6*k = a + u. What is the hundreds digit of k?
1
Let s(t) = 5*t**2 - 2*t + 1. Let j be s(-2). Suppose -2043 = j*b - 28*b. What is the units digit of b?
1
Suppose 24*d - 21*d - 9 = -2*t, -5*t = d + 10. Let r be 688/6 + 4/(-6). What is the tens digit of r*(t + 36/8)?
7
Let f(v) be the second derivative of -v**5/20 - 11*v**4/12 - 5*v**3/6 + v**2/2 - 2*v. Let m be f(-10). Let j = 135 + m. What is the tens digit of j?
8
Let a(c) = 15*c - 22. Let r(p) = p**3 + 12*p**2 + 22*p + 28. Let k be r(-10). What is the tens digit of a(k)?
9
Suppose d = 54 - 59. What is the tens digit of d + (-38)/(-114) + 6556/6?
8
Let m(f) = 3*f - 13. Let p be m(14). Suppose -1540 = -p*o + 19*o. What is the tens digit of o?
5
What is the hundreds digit of 3/(-2) + (-2534374)/(-155)*5/4?
4
Suppose -58*v = -55*v - 23166. What is the units digit of (-3)/12 + v/72?
7
Suppose -4*s = 2 + 10. Let d be 3 - (1008/s - 1). Suppose 5*w - d = -0*w. What is the units digit of w?
8
Suppose -2*s = g - 3, 2*g = -s + g + 1. Suppose -11*q + 34 = 6*q. Suppose -s*o = f - 293, 0 = -q*o - o - f + 438. What is the tens digit of o?
4
Let l = -513 + 779. Let o = l + -207. What is the units digit of o?
9
Let g(i) = 60*i**2 + 48*i - 119. What is the thousands digit of g(6)?
2
Suppose 463 = -z - 2*c, -2*z + c - 241 = 670. Let q = 1235 + z. What is the hundreds digit of q?
7
Let m be (-2)/5 + (-4 - (-4814)/10). Suppose 10*h - m - 633 = 0. Suppose -h = -5*n - 4*r + 51, 180 = 5*n - 5*r. What is the tens digit of n?
3
Let w = -216 + 227. What is the tens digit of 2/w + 9628/44?
1
Let a = 227 + -224. What is the hundreds digit of 810*(a/(-5) - -1)?
3
Let r = 130 - 128. Let k be 1*r + (-7)/28*-12. Suppose -168 = 9*t - 11*t - 2*m, 0 = k*t - 2*m - 434. What is the tens digit of t?
8
Let k be (0 + -8 + 4)*(-24)/16. What is the thousands digit of ((-21268)/39)/((-2)/k) + 4?
1
Suppose -20*y = -16 - 24. Suppose -y*v = m - 4*v - 133, -v - 4 = 0. What is the hundreds digit of m?
1
Let b be 12*(-6)/30*(-5)/4. Let m(w) = 10*w**2 - 10*w + 12. What is the units digit of m(b)?
2
Suppose -3*t + n + 107 + 116 = 0, 298 = 4*t - n. Let i = -70 + t. Suppose 7*f = -i*f + 864. What is the tens digit of f?
7
Suppose -1058*n = -1067*n + 23850. What is the thousands digit of n?
2
Suppose -52*h = -47*h + 115. Let u(s) = -17*s - 12. Let m be u(h). Suppose 27 = -4*p + m. What is the units digit of p?
8
Suppose 4*p + 5*i = -10, -2*p + 5*i = -0*i - 10. Suppose l = -2*b + 1340, p*l - l = -5*b + 3350. What is the hundreds digit of b?
6
Suppose 478 = 65*o + 328 - 370. Let u be ((-2)/2)/(2/(-2426)). Suppose -o*j + u + 323 = 0. What is the hundreds digit of j?
1
Let j(t) = -8*t + 2. Let q(l) = -l. Let y(h) = -2*j(h) + 22*q(h). Let g = -18 + 13. What is the tens digit of y(g)?
2
Let u(h) = 181*h**3 - 10*h**2 + 23*h - 18. What is the units digit of u(2)?
6
What is the tens digit of 2892*(18/12)/((-6)/(-6))?
3
Let u = -3277 - -11014. What is the units digit of u?
7
Suppose 14933 = -905*t + 906*t - 5*n, n + 74641 = 5*t. What is the ten thousands digit of t?
1
Suppose -2*i - q + 12280 = q, 0 = i - 3*q - 6152. What is the units digit of i?
3
Suppose 188*k = 194*k - 2970. Let s = k + 38. What is the units digit of s?
3
Let f = 66 + -48. Let v(x) = -x**2 + 25*x + 20. Let w be v(f). Let k = 299 - w. What is the hundreds digit of k?
1
Let s(w) = -w**2 - w + 74. Suppose -r + 4*l + 8 = 0, 12 = -4*l - 0. Let x = 4 + r. What is the units digit of s(x)?
4
Suppose 3526041 = 84*r - 4460339 + 823868. What is the thousands digit of r?
5
Suppose -2*y = -f + 13338, 5*y + 25049 = 7*f - 68308. What is the tens digit of f?
3
Suppose 3*o + 2*w - 21207 = 0, 3*o + 535*w = 537*w + 21195. What is the tens digit of o?
6
Suppose -2*c = -5*h + 6*h - 18, 81 = 5*h + c. Suppose -1243 + 6427 = h*k. What is the hundreds digit of k?
3
Let m(h) = -9*h**3 + 4*h**2 + 6*h - 10. Let g(q) = q**3 + 1. Let l(b) = -5*g(b) - m(b). Let n be l(4). Let w = n - 35. What is the units digit of w?
8
Let l = -202 - -262. What is the hundreds digit of -333*(1/3 - l/45)?
3
Let m = 47752 - 32015. What is the units digit of m?
7
What is the thousands digit of (-17)/(-85) + ((-295)/(-50) + 0)*6542?
8
Let f be (4/(-6))/((-1)/(-96)). Let l be (f/(-12))/8*66/4. Suppose 0 = -13*r + l*r + 76. What is the tens digit of r?
3
Let m = 11428 + 2721. What is the ten thousands digit of m?
1
Suppose -38*a + 822103 = 45155. What is the thousands digit of a?
0
Let o(w) = 15*w**2 + w - 1. Let q be o(-3). Suppose 4*a - 1 = 4*y - 237, -3*y + 61 = -a. Let s = q + a. What is the units digit of s?
3
What is the tens digit of (-9 + 393)*62/4?
5
Let j(u) = 74 - 87 + 2*u - 5*u. Let o be j(3). Let i = 11 - o. What is the units digit of i?
3
Let p(v) = 2*v + 52. Suppose -4*o - 5 = o, f - o = 62. Suppose 0 = -4*w - f - 3. What is the tens digit of p(w)?
2
Let z(o) = -15 + 37 - 40 - 427*o - 204. What is the thousands digit of z(-4)?
1
Suppose -130*h + 1757 = -989727 - 205946. What is the units digit of h?
1
Let t = 414 + -409. Suppose -3*o - 1360 = -2*k - 36, -5*k = t*o - 3360. What is the hundreds digit of k?
6
Suppose -4*c + 2*l = 3*l - 29990, 5*c = -4*l + 37504. What is the thousands digit of c?
7
Let y(q) = -14*q - 3. Let b be y(2). Let l = 85 - b. What is the units digit of l?
6
Let i = -43797 - -109345. What is the ten thousands digit of i?
6
Suppose -5*j - 5*n = -15, 0*j - n = -4*j + 2. What is the units digit of ((-2)/1 - j)*(-12684)/63?
4
What is the hundreds digit of 197813/33 + 30/(-9) + 4?
9
Let f = 111 + -112. What is the tens digit of 7*-293*f/(6 + -5)?
5
Suppose 190*p - 3*t = 185*p + 186299, 4*t = 28. What is the units digit of p?
4
Let c = 504 - -535. Let z = c - 401. What is the hundreds digit of z?
6
Let a(h) = 6*h + 38. Suppose -15*i = -97 - 173. What is the hundreds digit of a(i)?
1
What is the thousands digit of (-8 - ((-8 - -6) + -1)) + 5713?
5
Let h be 25*1 - (7 - (7 - 0)). Suppose 6*z - h = 11*z, -j - z = -717. What is the tens digit of j?
2
Let j = 95 - 99. Let x be ((-33)/6 - 2)*-2. What is the units digit of (j + 475/x)/(2/6)?
3
Let m = -369 + 1908. What is the tens digit of m?
3
Let i(y) = 5*y**2 - 4*y + 6. Let r be i(11). Let k = -338 + r. What is the units digit of k?
9
Let k(q) = 2*q**3 + 139*q**2 + 171*q + 273. What is the tens digit of k(-68)?
1
Let g be (-6)/(-27) + (-312)/(-54). Let t(w) = -6*w**2 - 3*w + 4. Let s be t(g). Let z = -129 - s. What is the tens digit of z?
0
Let k be (-2)/12*2 + 264/36. Suppose k*o - 203 - 364 = 0. What is the units digit of o?
1
Let m be 4*(-1 + 89)*1*4. Let r(c) = -11*c**2 - c. Let d be r(-2). What is the tens digit of m/(-33)*d/8?
2
Let h(t) = -5 - 3 - 2*t - t - 5. Let b be h(6). Let s = b - -37. What is the units digit of s?
6
Let q = 58 - 53. Suppose -q*o + 0*c = -2*c - 2124, 3*c = 2*o - 843. What is the hundreds digit of o?
4
Let a(s) = 8*s + 3. Let l be a(0). Let b be l/(-6) + (-21)/(-14). Suppose -2*d + 82 = 2*i, -b = 2*i - 3. What is the tens digit of d?
4
Let x(j) = -14*j - 85. Let f be x(-8). What is the units digit of f/1 - (-31)/31?
8
Suppose 96 + 65 = 3*i + 4*u, -89 = -2*i + u. Suppose 0 = -15*o + i + 538. What is the units digit of o?
9
Let i(q) = 11*q**2 - 7*q + 8. Suppose 2*t - 8*t = -36. What is the hundreds digit of i(t)?
3
Let a be 5*1 - (3 + 1). What is the tens digit of 381 - (23 + -22 + (a - 0))?
7
Suppose -6*t + 37 = -539. Suppose 5 = t*c - 95*c. Suppose -3*v + k = -k - 380, -c = 5*k. What is the units digit of v?
6
What is the hundreds digit of (-10 - -9)/((-4)/58108)?
5
Let z = -595 + 571. What is the thousands digit of (z/(-6 + -6))/((-1)/(-625))?
1
Suppose 0 = -3*p + 3*t + 57, -3*p = -t - 9 - 48. Suppose 5*w = -s + p, w = 2*s - 0*w + 6. What is the tens digit of (-1 + -235)/(s - (1 - 0))?
1
Let a = -44 - -47. Suppose -29 = 5*h + o, 2*h + a*o + 9 = -0*o. Let x = h - -73. What is the units digit of x?
7
Suppose 2*s + 3*n = 67873, -3*s + 11*n + 101820 = 14*n. What is the tens digit of s?
4
Let f(j) = -153*j + 674. What is the tens digit of f(-13)?
6
Suppose -61*t + 63*t - 5*o = 7969, 5*t - 19990 = -o. What is the tens digit of t?
9
Let t = -37 + 40. Suppose -5*g - t*i + 20 = 2*i, 5*g - 36 = 3*i. Let y = 26 - g. What is the tens digit of y?
2
Let w